 - -12526606?
12526619
In base 4, what is -2 - 21311111202002?
-21311111202010
In base 2, what is 1100000111100 + 1010111101001?
10111000100101
In base 4, what is -120113 + 3103131?
2323012
In base 7, what is -161 + 1454044?
1453553
In base 13, what is 10a35 + 970?
116a5
In base 14, what is -c38c301 - -4?
-c38c2db
In base 8, what is -1274 + 4113?
2617
In base 7, what is 6244111 - 11?
6244100
In base 14, what is 4797 - 1b8c9?
-17132
In base 4, what is 12110031 + -23032?
12020333
In base 9, what is -57 - -604637?
604570
In base 12, what is -11a874 - -a8?
-11a788
In base 7, what is -11346103160 + -4?
-11346103164
In base 15, what is 88 - 46c?
-3d4
In base 9, what is 3 - 6621186?
-6621183
In base 16, what is -1c + 13715ca?
13715ae
In base 7, what is 2 + 141046605?
141046610
In base 5, what is 1 - -143020022300?
143020022301
In base 2, what is -10 - -10101101001101101110?
10101101001101101100
In base 3, what is 11 + -1221210112201022?
-1221210112201011
In base 2, what is 1110010101011001 + 1111001011?
1110100100100100
In base 14, what is 4 + 1916a487?
1916a48b
In base 3, what is -1000000021120211111 + 12?
-1000000021120211022
In base 8, what is -30 - 24047670?
-24047720
In base 15, what is 4 - -85a6e64?
85a6e68
In base 6, what is -11 - 1221353040?
-1221353051
In base 4, what is 130102232 + 12201?
130121033
In base 4, what is -21031033013 + -12?
-21031033031
In base 4, what is -123033111 - 1110232?
-130210003
In base 4, what is 131 - 300202131313?
-300202131122
In base 13, what is -3a5325 - -b?
-3a5317
In base 12, what is -4 + -7840b?
-78413
In base 7, what is 166 - 10316600?
-10316401
In base 11, what is 231825 + -210?
231615
In base 16, what is -1b3ccd - 4?
-1b3cd1
In base 5, what is -330432021 + 0?
-330432021
In base 13, what is 95c2 - 1c58?
7667
In base 15, what is 12560c8 - 2?
12560c6
In base 11, what is -a489802 - -4?
-a4897a9
In base 10, what is -2624071 + 25?
-2624046
In base 2, what is -1111110011101000000 + 111?
-1111110011100111001
In base 13, what is 1 - -11c2050?
11c2051
In base 7, what is 55 - 34531?
-34443
In base 3, what is -1110012110110 + -2?
-1110012110112
In base 9, what is -30017158 - -2?
-30017156
In base 11, what is -39a28750 - -1?
-39a2874a
In base 14, what is 468 - 472bb?
-46c53
In base 7, what is 1 - 16226356?
-16226355
In base 16, what is 869d - -722d?
f8ca
In base 16, what is 73 + 94c9?
953c
In base 10, what is -175728065 + -2?
-175728067
In base 3, what is -1212112 - 1022111100?
-1101100212
In base 4, what is 2 + -13023322021?
-13023322013
In base 5, what is -344 - -121443330?
121442431
In base 15, what is -3760 + 89?
-36c6
In base 3, what is -1 + -11212221002120?
-11212221002121
In base 7, what is 101 - -1034665?
1035066
In base 6, what is 14304055 - 344?
14303311
In base 7, what is 106411 - 114636?
-5225
In base 2, what is 1011001101111111000110001 - 11?
1011001101111111000101110
In base 10, what is -68054939 - 0?
-68054939
In base 13, what is -271 + -556c7b?
-55721c
In base 14, what is 622 + -4142?
-3920
In base 3, what is 11002202 + -10020111?
212021
In base 14, what is -3b6 - 452b?
-4903
In base 4, what is 2 - -233211020311?
233211020313
In base 7, what is 211013 + -23160?
154523
In base 15, what is 3 - 16952e?
-16952b
In base 8, what is -1 + 3471727?
3471726
In base 7, what is -140240 - -1331?
-135606
In base 2, what is -11 - -100000011101011110010111001?
100000011101011110010110110
In base 14, what is c + -1a2c90?
-1a2c82
In base 13, what is -21a + -c58?
-1175
In base 3, what is -1100000120102 + -1012?
-1100000121121
In base 7, what is -50304 - 1506?
-52113
In base 3, what is 210221120122202012 - -12?
210221120122202101
In base 12, what is 1839957 + -1?
1839956
In base 7, what is 2250104 - -304?
2250411
In base 7, what is 3 + 1633326355?
1633326361
In base 13, what is 5 + 8876c36?
8876c3b
In base 13, what is -1b547 + -237?
-1b781
In base 13, what is bc505 + 6b?
bc573
In base 16, what is -1fe + 6f4c?
6d4e
In base 11, what is 4 + -3403246?
-3403242
In base 10, what is 29160 + -217?
28943
In base 11, what is -52 + 64984?
64932
In base 7, what is 21 - 1033516116?
-1033516065
In base 10, what is -2791 + -144938?
-147729
In base 4, what is -301222 - -1333230?
1032002
In base 2, what is 10 + 100000011101011001010100?
100000011101011001010110
In base 6, what is -4114533112 + -5?
-4114533121
In base 4, what is 21000 + -123222203?
-123201203
In base 5, what is 10130 + -14040012?
-14024332
In base 5, what is -10112 + 3441100?
3430433
In base 10, what is -13967922 + -1?
-13967923
In base 12, what is 5a - 1b6b94?
-1b6b36
In base 11, what is -5 - -145168426?
145168421
In base 16, what is -485bf7 + 21?
-485bd6
In base 9, what is 1557720 - -6?
1557726
In base 16, what is 0 + -9788e7b?
-9788e7b
In base 4, what is 11030021300 - -22?
11030021322
In base 12, what is -185276 - 78?
-185332
In base 3, what is 10 + -12221211222021?
-12221211222011
In base 7, what is 1460040 - 4154?
1452553
In base 6, what is -151124 - 513?
-152041
In base 5, what is 442114412 - 4?
442114403
In base 12, what is -b996 - -75?
-b921
In base 2, what is -11111010 + -101101001101101101?
-101101010001100111
In base 6, what is 5420540454 - -4?
5420540502
In base 14, what is a26a + -365?
9d05
In base 8, what is -33515 + -1611?
-35326
In base 3, what is -102 + 21120210212111?
21120210212002
In base 14, what is 5 - 3aa624?
-3aa61d
In base 11, what is -3829 - -7842?
4014
In base 3, what is 120201020 + -210120?
112220200
In base 6, what is 3 + -2110224055?
-2110224052
In base 6, what is 232112 - 32332?
155340
In base 6, what is 22 + -2003333?
-2003311
In base 16, what is 47 + -19e45?
-19dfe
In base 13, what is 96 + -277549?
-277483
In base 16, what is 178 + -1dd7d7?
-1dd65f
In base 10, what is -91525736 + 3?
-91525733
In base 9, what is -2048603 + -164?
-2048767
In base 4, what is 2211033232 - -21?
2211033313
In base 3, what is -1110110000 - 10012001000?
-11122111000
In base 15, what is -17a8 + 57db?
4033
In base 9, what is -1280 + 3632?
2342
In base 6, what is -215132 + -14401?
-233533
In base 11, what is 386721 + -10?
386711
In base 14, what is d219cdb - -4?
d219d01
In base 12, what is -107 - -32043b?
320334
In base 13, what is 40aa252 + 3?
40aa255
In base 7, what is 1 - -1031036560?
1031036561
In base 15, what is -19 + -dba5b?
-dba75
In base 15, what is 4 - 84548?
-84544
In base 11, what is -310376 - -16a?
-310207
In base 12, what is 51 - 4a2b5?
-4a264
In base 5, what is 114244340 + -3424?
114240411
In base 7, what is 5414653522 - -1?
5414653523
In base 9, what is 1037071 - -677?
1037758
In base 10, what is 2188 - -466979?
469167
In base 3, what is -112221121 + 202?
-112220212
In base 14, what is a0 - -37548?
37608
In base 13, what is 513 - -ac89?
b49c
In base 14, what is 48d + 1a788?
1ac37
In base 6, what is -12 - -1005022312?
1005022300
In base 9, what is -765 + 65171?
64305
In base 5, what is 24 - -12140443314?
12140443343
In base 13, what is 4 - -1372a31?
1372a35
In base 11, what is -17 - 7a11306?
-7a11322
In base 12, what is 3 + 106b46a1?
106b46a4
In base 4, what is 120 + -30111020213?
-30111020033
In base 16, what is 31a91da - -1a?
31a91f4
In base 15, what is -40 + 1218d36?
1218ce6
In base 12, what is 31108738 - -2?
3110873a
In base 7, what is -4 + -11415435430?
-11415435434
In base 9, what is 637601 + -62?
637528
In base 15, what is 5 + -151110?
-15110a
In base 2, what is 1000101001000011001111010100 + -101?
1000101001000011001111001111
In base 14, what is c9cb53 + -9?
c9cb48
In base 4, what is 1 - 11103212023122?
-11103212023121
In base 2, what is -1011100010111011111 - -101101000?
-1011100010001110111
In base 13, what is -294 + -3a0522?
-3a07b6
In base 4, what is -2310 - 11011022121?
-11011031031
In base 14, what is -2c4c98d + -3?
-2c4c992
In base 6, what is -21 + 3114252?
3114231
In base 10, what is 5856098 + -155?
5855943
In base 12, what is 1 - 9118921?
-9118920
In base 3, what is 2120101002202200 + 2?
2120101002202202
In base 9, what is 108816 - -436?
110353
In base 15, what is 2b1 - -3413?
36c4
In base 15, what is -5971 + -354?
-5cc5
In base 7, what is 112313352 - 3?
112313346
In base 3, what is -110010210121002 + 11?
-110010210120221
In base 15, what is -4 - -a87246d?
a872469
In base 13, what is -22 - -10364bc?
103649a
In base 10, what is 689 + 